9
Suppose 2*z - d = -541, 0*z + 4*d - 819 = 3*z. Let c = -131 - z. What are the prime factors of c?
2, 3, 23
Suppose 7*g + 1210 - 3568 = 3676. What are the prime factors of g?
2, 431
Let u(b) = -1107*b**3 - 14*b**2 - 27*b + 40. List the prime factors of u(-3).
2, 31, 241
Let k(d) = 12*d**3 - 12*d**2 - 15*d + 1. Let c be k(6). Let i = -957 + c. Suppose 7*s + 211 = i. List the prime factors of s.
3, 43
Let b = 16158 + -6347. What are the prime factors of b?
9811
Let n(a) = 3*a + 40. Let r be n(-17). Let b be 9/1 + 8 + r. List the prime factors of b/(-4)*(13 + -53).
2, 3, 5
Suppose -2*s = -s + 3*n - 14131, -3*n = -4*s + 56479. What are the prime factors of s?
2, 23, 307
Suppose -4*p - 4*t = -7584, 3*p - 3*t - 10 = 5672. Suppose z = 2*q + 6*z - 758, p = 5*q - 4*z. List the prime factors of q.
379
Let v(y) = 5*y - 35. Let p be v(7). Suppose p = m + 2. List the prime factors of (-1 + (-10)/1)/(1 + m).
11
Let v = -16001 - -34600. List the prime factors of v.
7, 2657
Let b(d) = -651*d - 35. Let g be (-36 + 35)/(3/6). What are the prime factors of b(g)?
7, 181
Let q(o) = o**3 - 9*o**2 + 2*o + 3. Let r be q(9). Let p = -15 + r. What are the prime factors of (p/18)/((-3)/(-279))?
31
Let c(x) = 7*x - 9. Let t be c(2). Suppose 3*n + t*g = 27, 5*g + 0*g - 11 = n. Suppose -z - 515 = -5*f - 3*z, n*z - 206 = -2*f. List the prime factors of f.
103
Let m(j) = 2*j + 3. Let v be m(0). Suppose -4*y + v*f = -9, y - f = 3*f + 12. List the prime factors of y/2 + (3 - -48).
3, 17
Let d = 7560 + -4214. List the prime factors of d.
2, 7, 239
Let a = -20 - -39. Let m(k) = -7*k + 21 - a*k + 11*k. What are the prime factors of m(-5)?
2, 3
Suppose -2*q = -3*o + 34, 8*o + 44 = 11*o - 4*q. Suppose 0 = -4*n + i + 1906, 5*i = i - o. List the prime factors of n.
2, 7, 17
Suppose 3*t - 2*t - 189 = 4*l, 0 = 5*t - 4*l - 1009. Suppose -t = -6*z + 5. List the prime factors of 3 + z/(-15) + 716/6.
2, 3, 5
Let a(v) = 14*v - 19. Suppose 0 = -2*r - 5*p - 177, 4*r - 3*p + 8*p = -379. Let c = r + 116. What are the prime factors of a(c)?
191
List the prime factors of (52/24*-1934)/(58/(-174)).
13, 967
Let l = 209 + -213. List the prime factors of 24/((-377)/174 - 10/l).
2, 3
Let p(o) = 3*o**2 - 3. Let c = 188 + -111. Suppose c = -9*t + 32. What are the prime factors of p(t)?
2, 3
Suppose a + 10 = 3*o, 0 = -3*a + o - 4*o + 18. Suppose 3*x = -2*h + 1694, -5*h + 8*h - 2541 = a*x. List the prime factors of h.
7, 11
Let f(n) = 3*n + 15 - 30 - 3. Let b be f(6). What are the prime factors of 45 + (-2 - b)*-1?
47
Let p = -676 + 3852. Suppose -2*h + 2330 = 2*v, 3*v + 4*h - 319 - p = 0. What are the prime factors of v?
5, 233
Suppose -360 = -151*n + 157*n. What are the prime factors of (-2896)/(-6) - (4 - n/(-18))?
2, 241
Let t = 739 - -1898. Suppose -n - 1735 = -j, 0 = -5*j + 2*n + t + 6032. List the prime factors of j.
1733
Let u = -716 + 1100. Suppose -387*r + u*r + 4302 = 0. List the prime factors of r.
2, 3, 239
Let k = 19769 - 6044. What are the prime factors of k?
3, 5, 61
Suppose -8*s + 1368 = s. Let c = s - 488. Let d = c + 494. What are the prime factors of d?
2, 79
Suppose -2*p - 8 = 0, 1 = 5*o - p + 22. What are the prime factors of (5 - -839) + 40/o?
2, 11, 19
Let h(k) = k**3 + 8*k**2 - 6*k + 6. Let l be h(-8). Suppose 100 = -53*o + l*o. What are the prime factors of o?
2, 5
Suppose 35*z + 405318 = 60*z + 86168. List the prime factors of z.
2, 13, 491
Suppose 5*k = -297 + 1082. Let w = 173 + -74. Let m = k - w. List the prime factors of m.
2, 29
Let j(r) = -3*r**3 - 5*r**2 + 8*r - 5. Let k(v) = 4*v + 10. Let z be k(-2). Let y be j(z). What are the prime factors of -1 + -1 + 9*y/(-9)?
31
Let m = -469 + 922. Let r = 2628 + -1063. Suppose 8*a - r = -m. List the prime factors of a.
139
What are the prime factors of ((-20)/(-16))/(15/18)*190392/12?
3, 7933
Let h(k) = -19*k + 13643. List the prime factors of h(-106).
3, 17, 307
Let u = -341 - -212. Let a = u + 251. Let o = a + -69. List the prime factors of o.
53
List the prime factors of 6/(-39) - (-3841805)/715.
3, 199
Let i(u) = -u**2 - 25*u + 38. Let y(a) = 2. Let j(x) = i(x) - 6*y(x). What are the prime factors of j(-10)?
2, 11
Let s(l) = 4*l**3 - l**2 + 6*l - 46. What are the prime factors of s(12)?
2, 43, 79
Let m = 64655 - 17297. What are the prime factors of m?
2, 3, 877
Let i = -85756 - -133285. What are the prime factors of i?
3, 5281
Let h(a) = 2*a**2 - 126*a - 23 + 68*a + 67*a. Let t be h(-12). Suppose -x = 114 - t. List the prime factors of x.
43
Let m(y) = 20092*y**3 - 8*y**2 + 6*y + 2. What are the prime factors of m(1)?
2, 5023
Let r(y) = y**3 + 4*y**2 - 7*y - 8. Let h be r(-5). Suppose -h*o + 3132 = o. Suppose 0*b + o = 9*b. List the prime factors of b.
2, 29
Let s(d) = -28*d + 22*d + 8 + 1 + 8*d**2 - 2. What are the prime factors of s(3)?
61
Suppose 106 = -5*y + 1151. Let u = y + 295. List the prime factors of u.
2, 3, 7
Let f(p) = -3*p**2 + 38*p - 114. Let o be f(7). Suppose j - 669 = -o*s + 411, -5*j = 3*s - 5312. List the prime factors of j.
2, 5, 53
Suppose 0 = -3*m - 2*w + 80821, 4*m + 4*w - 100388 = 7364. List the prime factors of m.
5, 17, 317
What are the prime factors of (-2)/34 - 4500207/(-2907)?
2, 3, 43
Let u = -70 - 146. What are the prime factors of 36/u - (-3014)/12?
251
Let m(r) = -r**2 + 49*r + 18. Let l be m(21). Let w = -304 + l. What are the prime factors of w?
2, 151
Let l = 15544 - -75639. What are the prime factors of l?
91183
Suppose -24*i = 2*z - 29*i - 45, 1 = i. Let n(t) = t**2 - 5*t + 73. List the prime factors of n(z).
3, 191
Suppose 4*m = -817*k + 820*k - 35369, 5*m + 11808 = k. What are the prime factors of k?
11783
Let m(u) = u**2 - 9*u + 20. Let x be 10/4*120/50. Let j be m(x). Suppose s - 44 = 2*o, j*s + 5*o - 7 - 54 = 0. List the prime factors of s.
2, 19
Let r(c) = 2*c**2 + 30*c + 72. Let v be r(-12). Suppose v = -11*s - 211 + 1388. List the prime factors of s.
107
Let v be (5/20*0)/3. Suppose -7*m + 4*m - x = -764, -2*m - 4*x + 506 = v. What are the prime factors of m?
3, 5, 17
List the prime factors of (-17)/((-102)/20952) - 104/(-13).
2, 5, 7
Suppose -5*i - j = -4*i - 97, 2*i + 3*j = 199. Let f = 1 + 30. Let v = i + f. List the prime factors of v.
3, 41
Let g(u) = 1368*u - 1658. What are the prime factors of g(18)?
2, 11483
Let u(b) = 41*b - 47. Let q be u(11). Suppose -18*c + q = -17*c. What are the prime factors of c?
2, 101
Let b(k) = 69*k**2 + 247*k + 4. List the prime factors of b(12).
2, 1613
Suppose -3*w = -5*m + 202, m - 77 = 4*w + 181. What are the prime factors of w/((4 - 3)/(-1))?
2
Suppose -3*b - 3 = 0, 0 = 2*j + b + 3*b + 748. Let m = j + 1378. List the prime factors of m.
2, 503
Let b = 211 + -149. What are the prime factors of b/(-5)*225/(-9)?
2, 5, 31
Let v = 154 - 156. List the prime factors of 33 + (v + (-4 - -4))/2.
2
Let l be ((-3)/2)/((-20)/80). Suppose -51 = -x + 15. List the prime factors of (136/l)/(44/x).
2, 17
Let q(u) = 190*u + 1497. List the prime factors of q(27).
3, 47
Let w(f) = 8*f - 16. Let b(p) = -25*p + 49. Let n(z) = -2*b(z) - 7*w(z). Let y be n(-11). List the prime factors of 2/(2 - y/44).
11
Let n(h) = -1194*h + 259. What are the prime factors of n(-26)?
23, 1361
Suppose 0*s = s - 99. Suppose -15*k + s = -4*k. Suppose -4*i - 175 = -k*i. What are the prime factors of i?
5, 7
Let r(c) = -29*c + 20. Let n be 65 + 4 + -2 + -2. Let k = 62 - n. List the prime factors of r(k).
107
Suppose -9 = 3*c - 30. Suppose c*x + 32 = 3*x. Let u(w) = w**2 - 20. What are the prime factors of u(x)?
2, 11
Let z = 57181 - 11171. List the prime factors of z.
2, 5, 43, 107
Let r(l) = -16*l - 48. Let n(c) = -12*c + c**2 - 4*c - 2*c**2 - 12 + 37. Let g be n(-18). What are the prime factors of r(g)?
2
Let i(n) = n**3 + 34*n**2 + 62*n - 58. Let y be i(-32). Suppose -3*t = -y, -3*u + t - 5*t + 5327 = 0. List the prime factors of u.
3, 197
Let d(c) = -103*c + 30. Let g(r) = r**2 + 28*r + 131. Let h be g(-22). List the prime factors of d(h).
7, 19
Suppose 3*t = 5*q + 43, 2*t = -q - t - 5. Let o be 22/q - 2/8. What are the prime factors of (1 - (-111)/(-9))*o?
2, 17
Suppose 4*t + 4*s - 22928 = 0, -5*s = -6*t - t + 40184. What are the prime factors of t?
5737
Suppose 14347 = -89*m + 517553. What are the prime factors of m?
2, 11, 257
Let f(s) = 3*s**3 - 17*s**2 + 89*s - 1. List t